 = 9 + 1, o*d + 100 = g. What is the units digit of (14/(-4))/(-7)*g?
8
Let t = 7 - 2. Let n be 2/t + (-878)/(-5). Suppose -n - 59 = -5*j. What is the tens digit of j?
4
Suppose 2*t + 8600 = 4*x, -4*x - t + 3459 + 5153 = 0. What is the tens digit of x?
5
Suppose 2*i - 4*l = 2684, l = -0*i - 5*i + 6688. What is the thousands digit of i?
1
Suppose -3*q + 3 + 9 = 0. Let r = q + 2. Suppose 3*i - r = 30. What is the tens digit of i?
1
Let a = -93 - -99. Suppose -135 = -9*q - a*q. What is the units digit of q?
9
Let z = -1 + 0. Suppose 4*s = -3*k - 16 + 3, 0 = 4*k + 12. What is the units digit of s + 11 - 0/z?
0
Let d = 1148 + 2110. What is the tens digit of d?
5
Suppose 4*u - 2568 = 4*y, 5*u - 2*y + 536 = 3755. What is the units digit of u?
5
Let x(a) = a**3 - 16*a**2 + 13*a - 44. What is the hundreds digit of x(16)?
1
Let t be 0/2 + (-66)/(-6). Suppose -10*x + t*x - 115 = 0. Suppose -5*y + 191 + 62 = a, 2*y - x = -5*a. What is the tens digit of y?
5
Let u(m) = m**3 + 5*m**2 - 7*m - 4. Let o be u(-6). Suppose o*g = 2*j + 10, 0 = -2*g + 4*g + 2*j + 2. Suppose 0 = g*x - 35 + 9. What is the tens digit of x?
1
Suppose 2*g - 162 = -2*c, -6*g - 160 = -2*c - 7*g. What is the units digit of c?
9
Let b = 15 + -10. Let o = b - 1. Suppose -o*d + 6 = 3*k - 8, 0 = 5*d + 20. What is the units digit of k?
0
Let l(n) = n**2 - 7*n - 16. Suppose 11*i = 3*i + 88. What is the units digit of l(i)?
8
Let o = 11 - 13. Let v be 12/16*4*o. Let r(z) = z**2 + 5*z - 5. What is the units digit of r(v)?
1
Suppose q = 4*c + 126, -q = c - 135 - 1. What is the tens digit of q?
3
Let v(z) = z**3 - 2*z**2 - z - 2. Let n(l) = l**3 - 4*l**2 - 5*l + 6. Let p be n(5). Let k be (-4 - -1)/(-6)*p. What is the units digit of v(k)?
4
Suppose 50 = -4*t + 3*g - g, -3*g - 15 = 0. What is the units digit of (-513 + -2)*6/t?
6
Suppose y + 3*m - 32 = 0, 2*y = -4*m + 32 + 22. Let w(h) = -1 + 2 + 0 + y*h. What is the tens digit of w(3)?
5
Suppose 19*p + 1164 = 20*p. What is the units digit of p?
4
Suppose 0 = 5*l + z - 32, 5*z = 2*z + 6. Suppose l*u - 2*u = 448. What is the hundreds digit of u?
1
Suppose 2*j + 5*r = 1730 + 1271, 7537 = 5*j + r. What is the units digit of j?
8
Let b = 1542 - 214. Suppose -2 = -2*o, 5*x + 3*o = -390 + b. What is the tens digit of x?
8
Let o(q) = q**2 - 5*q**2 - 2*q + 6*q**2 - q**2 - 38. What is the units digit of o(-6)?
0
Suppose 6*h - 27 + 9 = 0. What is the tens digit of 40/(-25)*((-1470)/4)/h?
9
Let g(c) = -c**2 + 27*c - 28. Let o be g(10). Suppose 8*t = m + 5*t - 43, 4*m - 2*t = o. What is the units digit of m?
4
Suppose 5*n + 120 = 7*n. Suppose 0 = 12*o - 7*o - n. What is the tens digit of o?
1
Let a = 1 + 3. Suppose -26 = -a*m + 70. Suppose -10 = l - m. What is the tens digit of l?
1
Let m = -20 - -23. Suppose 2*n + 3*y - 17 = 0, -5*n = m*y - 74 + 9. What is the tens digit of n?
1
Suppose 0 = 32*q - 31*q - 471. What is the units digit of q?
1
Suppose -5 = -c, -z = -3*c + 5*c - 1827. What is the tens digit of z?
1
Let o(w) = 11*w**2 - 14*w - 233. What is the thousands digit of o(-12)?
1
What is the thousands digit of (-17 + (3 - 9))*-50?
1
Let g(l) = -77*l**3 - 2*l**2 + 1. Suppose 5*j - h + 5 = 0, 2*j = 3*j - h + 1. What is the tens digit of g(j)?
7
Let j be 1/(3 + 24/(-9)). What is the units digit of j*(-2)/3 + 5?
3
Suppose -2*u - 38 = 5*q, -5*q + q + 3*u = 35. Let g be (-406)/(-8) - q/32. Suppose 0*p - 2*p + g = -3*l, -5*p + 2*l = -100. What is the tens digit of p?
1
Let j(s) = 2*s + 15. Let a be j(-11). Let w(g) = -g**3 - 7*g**2 - 2*g + 6. What is the units digit of w(a)?
0
Let m(d) = 4*d**2 + 13*d + 7. What is the hundreds digit of m(8)?
3
Let d = 22 - 28. Let n(r) = -2*r**3 - 8*r**2 + 4*r - 1. Let g be n(d). Let s = g + -66. What is the tens digit of s?
5
Let w(k) = k**2 - 16*k - 6. Let o = 7 + 5. Let p be w(o). Let x = p - -130. What is the units digit of x?
6
Suppose 4*k - 5*o = 10 + 2, 2*k - 4*o = 0. Suppose t = -3*i - 0*i + k, -t - 5*i = -16. Let p(c) = -c**2 - 9*c - 4. What is the units digit of p(t)?
6
Let m(q) be the second derivative of q**5/20 - 3*q**4/4 - 9*q. Let x be m(9). Suppose c + x*c - 42 = 0. What is the tens digit of c?
4
Let p be (-10)/(-2)*-2*2. Let c = p - -23. What is the units digit of c?
3
Let x be (-100)/(-9 + 4)*-1. Let a(d) = -d**3 - 24*d**2 - 24*d + 7. Let s be a(x). What is the units digit of s/(-42) - (-2)/4?
7
Suppose 1622 - 5414 = -8*m. What is the tens digit of m?
7
Let q = -16 - -21. Suppose q*m - 176 = m. What is the tens digit of m?
4
Let x = -20 + 40. Let v = 92 - x. What is the units digit of v?
2
Let c(n) = n**2 - 8*n + 82. What is the hundreds digit of c(22)?
3
Suppose 0*i = -2*i. Let h be 4/(-6) - (-187)/33. Suppose 3*z = -2*v + 84, z + i*z - 11 = h*v. What is the tens digit of z?
2
Let v(p) = -1 - 58*p**3 + 17*p**3 + 4*p**3 - 54*p**3 + 2*p**2. What is the units digit of v(-1)?
2
Let r = -25 + 53. Let f = r - -31. What is the units digit of f?
9
Let n = 148 + -150. Let o(l) = -2*l**2 - 2*l - 1. Let m be o(-2). What is the units digit of (-4)/4*(n + m)?
7
Let b = 1636 - -295. What is the units digit of b?
1
Let d(y) = -y**3 - 13*y**2 - 35*y + 13. What is the units digit of d(-12)?
9
Suppose -s + 2*s + 9458 = 4*g, 5*s + 10 = 0. What is the thousands digit of g?
2
Suppose 4*a + 0 - 24 = 0. Let n = a + -1. Suppose l - 10 - n = 0. What is the tens digit of l?
1
Let n be ((-2)/(-3))/(2/6). Let u(j) be the second derivative of j**5/5 - j**4/4 + j**3/3 + j**2 + j + 2. What is the tens digit of u(n)?
2
Suppose 2*g + 2*g = -j + 12, 3*j = -g + 80. Suppose 39*t = j*t + 2002. What is the units digit of t?
2
Let r = -13 + 27. Let d(s) = 4*s - 16. Let v be d(r). Suppose -65 - v = -3*c. What is the units digit of c?
5
Suppose 0 = 5*j - 15 - 0. Let u = 10 + j. Suppose u = p + 3. What is the tens digit of p?
1
What is the tens digit of 2/7 - (-22690)/14?
2
Let p(k) = -k**3 - 14*k**2 + 5*k - 14. Let d(u) = -u**3 + 3*u**2 - 6*u + 3. Let w be d(3). What is the tens digit of p(w)?
3
Let y be -1 + 0 + 5 + -1. Let u = 67 + -64. Suppose -2*j + 53 = -u*m + 6*m, 58 = y*m + j. What is the units digit of m?
1
Suppose 300 = i + 5*l, -3*l = -2*i + 304 + 296. What is the hundreds digit of i?
3
Let d(z) = z**2 - 12*z + 25. Let u be d(5). What is the units digit of 1/((u/(-1205))/2)?
1
Let r = -49 + 52. Suppose 0 = r*s - 5*j - 83, 2*s = -2*s - 2*j + 154. What is the units digit of s?
6
Suppose 5*u = -o + 409, 5*u = 4*o - 650 - 1011. Suppose -y = -3*l - 85, -5*y + o = l - 5*l. What is the units digit of y?
2
Let x(n) = -n**3 - 11*n**2 + 11*n - 7. Let b be x(-12). Suppose 3*j - 46 - 74 = -4*k, b*k = -4*j + 150. What is the units digit of k?
0
Let n = -5027 - -8635. What is the units digit of n?
8
Let m(c) = c**2 + 4*c - 4. Let n be m(4). Suppose -2*r = 2*r + n. Let s = 12 - r. What is the units digit of s?
9
Suppose k = -5*j + 25, 2*j = -4*k + 7 + 3. Suppose f - 4*f + 5*n = -17, k = -5*n - 5. Suppose s + 6 = 2*q, -f*s - 3*q = -0*s - 31. What is the units digit of s?
4
Let l(z) = -z. Let y(s) = 5*s - 4. Let w(d) = 6*l(d) + y(d). Let p(c) = -c - 4. Let m(b) = 2*p(b) - 3*w(b). What is the units digit of m(3)?
7
Suppose 2*m = 3*w + 1615, -2*m - 11*w = -10*w - 1611. What is the units digit of m?
6
What is the tens digit of ((-53)/3)/((-35)/(-12) - 3)?
1
Let b be 30/285 + (-186)/(-38). Suppose -3*y + 4*y + 4*a = 190, -738 = -4*y - b*a. What is the units digit of y?
2
Let a(x) = -x**3 + 8*x**2 - 12*x + 5. Let w be a(6). Suppose -w*q - 2*t = -282, 0*q - q - 5*t = -61. What is the units digit of q?
6
Let h(o) = 0*o - 4 + 0 - o. Suppose 12*j + 158 = -22. What is the units digit of h(j)?
1
Let t(p) = 51*p - 63. What is the hundreds digit of t(17)?
8
What is the units digit of ((-42)/(-12))/(8/7376)?
7
Let p(r) = 176*r - 591. What is the tens digit of p(8)?
1
Suppose 4*q = 2*p + 74, -4*p - 3*q = 2*q + 96. Let w be (32/2)/(3/(-3)). Let t = w - p. What is the tens digit of t?
1
Let h = 17 - 14. Suppose -2*g + 5 + 19 = 4*s, -2*g + 4*s = 8. Suppose 3*w = 2*t + 6, -g*w = -2*w - h*t + 1. What is the units digit of w?
4
What is the tens digit of 2/22 - 54971/(-77)?
1
Let o(p) = 4*p**2 + p + 35. What is the units digit of o(12)?
3
Suppose -5*m - 27 = -3*a - 2*m, -5*m - 41 = -4*a. Suppose 2*y = -a*v + 50, -y + 44 = y + v. What is the units digit of y?
1
Let u = -2005 